n**2 - 197*n + 117. Let r be i(35). Calculate the highest common factor of 264 and r.
44
Let i be (208/6)/(2/6). Let l(g) = -8*g**3 - 4*g**2 - 70*g - 66. Let m be l(-1). What is the greatest common divisor of i and m?
8
Suppose 0 = -0*l - 5*l + 1620. Let m(i) = 655 - i - 1239 + 653. Let s be m(33). What is the greatest common divisor of s and l?
36
Let k be (0 - 1) + (0 - -609). Suppose 11*h + 18*a = 23*a + 513, 5*h = -4*a + 114. Calculate the highest common divisor of h and k.
38
Suppose 13205 = 5*a + 5*i, 4*a = -a - 4*i + 13211. Calculate the greatest common factor of a and 1.
1
Suppose -20*h = -129 - 111. Let l(k) = -k**3 + 7*k**2 + 8. Let p be l(7). What is the greatest common factor of h and p?
4
Let c(w) = 36*w - 146. Let z = -106 + 111. Let s be c(z). Calculate the greatest common divisor of 34 and s.
34
Suppose 0 = 742*z - 763*z + 10290. Calculate the highest common divisor of 56 and z.
14
Let w be (-8)/14 + (-11392)/56. Let m be w + ((-2)/(-8))/(8/(-32)). Let s = m - -337. Calculate the highest common divisor of 88 and s.
44
Let t be (1 - (-66)/4)/((-94)/(-564)). Calculate the highest common divisor of 3815 and t.
35
Let x = -101 - -105. Suppose -4*m + 20 = x*c, 2*m + 4*c + 0 = 2. Suppose m*a + 132 = 20*a. Calculate the highest common factor of a and 24.
12
Let i(y) = -y**3 - 10*y**2 - 8*y + 10. Let a be i(-9). Let c = a - -4. Let u be (27/36)/((-36)/(-96)). Calculate the greatest common divisor of c and u.
1
Let o(d) = d**3 - 4*d**2 + d - 26. Let c be o(5). Suppose 2*l - 3*r - 5 = -0*l, c*l + 4*r - 40 = 0. Calculate the highest common factor of 91 and l.
7
Let v(s) = 1595*s + 5017. Let f be v(-3). Calculate the greatest common factor of f and 8932.
116
Let c be (-1)/(((-3)/198)/1). Let l be -3 + 2*c/4. Let a be 2*(-15 - -6)*(-35)/3. What is the highest common factor of a and l?
30
Let m be (-19 + -2 + 11)*-44. What is the greatest common factor of 264 and m?
88
Let h be 8/20 - (-47)/((-1410)/(-168)). What is the greatest common factor of 958 and h?
2
Let a be 35484/18 + 6/9. Calculate the highest common divisor of a and 153.
17
Suppose b + 3*b - 6630 = 3*u, 3*b + 2*u = 4981. Suppose b = 5*y + 3*g, 3*y + g - 989 = -4*g. What is the greatest common divisor of 9 and y?
9
Suppose -901*r - 72 = -902*r. What is the greatest common factor of 474 and r?
6
Suppose -3*i - 5*t = -4*i + 5996, 6*i = -4*t + 35806. Calculate the greatest common factor of i and 21.
7
Let s be (((-6)/120)/((-2)/88))/(2/10). Calculate the highest common divisor of s and 913.
11
Let c be 7*((-6)/(-21) - 2). Let l = c + 30. Let k be 0 + (-15)/5*(-12 - -9). What is the highest common divisor of l and k?
9
Let t be 15/((-1020)/(-221)) - 3/(-4). Suppose -2*c = 3*c + m - 47, 5*m + 26 = t*c. Let s = 16 - 4. Calculate the greatest common factor of s and c.
3
Let l = -153 - -219. Calculate the highest common factor of 426 and l.
6
Suppose -112*z + 188*z - 119548 = 0. What is the greatest common factor of z and 572?
143
Let k = 937 - 907. Calculate the highest common factor of k and 3820.
10
Let g be (3/(-4))/(17/(-3196)). Suppose 2*t = 379 - g. Suppose -30*p - 170 = -40*p. Calculate the greatest common factor of p and t.
17
Suppose -24*r + 293 + 400 + 819 = 0. What is the greatest common factor of r and 721?
7
Suppose -8 = -y + 28. Suppose 3*g = 5*i - 258, -567*g + 84 = 2*i - 565*g. Calculate the highest common divisor of i and y.
12
Suppose -2*b - 130 = -3*y - 0*b, 0 = -4*y + 5*b + 164. What is the highest common factor of 299 and y?
23
Let w = 156 + -141. Suppose -2431 = 2*h - w*h. Let u be 52/3 + (-2)/6. What is the highest common divisor of u and h?
17
Let f = 23584 - 22561. Calculate the greatest common divisor of 248 and f.
31
Let o be -12*(1/15)/(38/190). Let y be (9/18)/(o - 1285/(-320)). What is the greatest common factor of 20 and y?
4
Let i(d) = d**3 - 21*d**2 + 5*d - 95. Let o be i(21). Suppose 5*a - 15 = o, 2*v - 4*a - 128 = 0. Calculate the highest common factor of 2 and v.
2
Let x(j) = -j**3 + 25*j**2 - 65*j - 27. Let o be x(19). Calculate the greatest common divisor of o and 339.
113
Let b be ((-435)/2)/((-3)/9*(-12)/(-8)). What is the greatest common divisor of b and 6?
3
Let s(z) = 31*z + 86. Let a be s(-2). Calculate the greatest common factor of a and 96.
24
Let i = -26933 + 27180. What is the highest common factor of i and 19?
19
Let p(m) = 56*m**2 - m - 1. Let u be p(-1). Let a be -147*(-1 - -3)*1/(-3). Suppose 88*s = 81*s + a. Calculate the highest common divisor of u and s.
14
Let u be 110*(1/(-9))/(18/(-81)). Let d be (84/16 + 1/4)*6. Calculate the highest common divisor of d and u.
11
Suppose 3*i - 6 = -s, 5*i - 6*i = -3*s + 8. Suppose o - 47 = m, m + 98 = -s*o + 5*o. Calculate the highest common divisor of 102 and o.
51
Let n = 16927 + -9647. Calculate the highest common factor of n and 224.
112
Let w = -566 + -109. Let k = w + 1131. What is the highest common factor of 19 and k?
19
Let k(c) = 4*c + 41. Let y be k(-9). Suppose -y*t + q = -183, -5*t = q - 5*q - 192. Calculate the highest common divisor of t and 6.
6
Suppose 4*l + 2*b = 256, -2*l + 0*b + 128 = 2*b. Let v be 2*14*396/(-154). Let o be -4 - v/20 - (-42)/5. Calculate the highest common factor of o and l.
8
Suppose 3*j = 49 + 44. Suppose -5*a + 31 + 69 = 0. Suppose -21*z + a*z = -j. What is the highest common divisor of 279 and z?
31
Suppose 2*s = s + 7884. Suppose -10*v = -v - s. What is the greatest common divisor of 12 and v?
12
Let f(m) = -m**2 - 5*m + 2. Let n be f(-4). Suppose n*z = 7*z - 50. Let j be 4 - ((4 - 4) + -1). What is the greatest common divisor of z and j?
5
Suppose -1479*v + 1459*v + 600 = 0. Calculate the highest common divisor of v and 85.
5
Suppose -27*d - 3*d = -d - 57536. Calculate the highest common factor of d and 527.
31
Let o be (-2 + -18)*38/95. Let c be (o/(-28))/(7/539). Let y(f) = f**3 - 5*f**2 + 4*f + 2. Let j be y(4). What is the greatest common factor of j and c?
2
Let d(x) = 41*x + 62. Let p be d(-3). Let g = p + 66. Calculate the greatest common factor of 25 and g.
5
Let h = 21 + 5. Let c = 558 - 628. Let r = h - c. Calculate the greatest common divisor of 32 and r.
32
Let a(f) = 21*f + 273. Let u be a(29). Calculate the highest common divisor of 196 and u.
98
Suppose 0 = p - 5*y - 48, -4*p - 2*y = 69 - 173. Suppose 3*m + 2*a = 206, m - 4*a - 116 = -38. Let z = m + -63. What is the highest common divisor of z and p?
7
Let p be (-5 - 39/(-9))/((-2)/33). Let g = 16 - p. Suppose -4*v + 56 = -2*m - m, 20 = -g*m. What is the highest common factor of v and 187?
11
Let a = -222 + 226. Suppose -a*k + 147 = 3*f, -3*f = -k + 4*k - 114. Calculate the highest common divisor of k and 44.
11
Suppose 24 = 5*g - 4*y - 408, -78 = -g + 5*y. Suppose -j + 3 = 4*b, -3*j - b + 9 = -2*b. Suppose j*d - g = 2*d. Calculate the highest common factor of 11 and d.
11
Let n be (16/(-360)*-45)/(1*1/15). What is the greatest common factor of 520 and n?
10
Let x(c) = 28*c - 16. Suppose -5*w = 2*w - 49. Let g be x(w). Let n be (-3)/1*g/(-27). Calculate the greatest common factor of 80 and n.
20
Suppose 43 = 4*f + m - 34, -2*f + 21 = -3*m. What is the greatest common divisor of f and 186?
6
Suppose -97*r + 104*r = 98. What is the highest common divisor of r and 1148?
14
Suppose -s - 596 = -5*n, 3*n - s = -5*s + 353. Let y = 163 - n. Calculate the highest common factor of y and 154.
22
Let x = -38 + 51. Let g = x + -3. Suppose 0 = -2*k + q + g - 0, -2*q = -k - 1. What is the greatest common factor of 21 and k?
7
Let k(p) = -27*p - 264. Let j be k(0). Let y = -237 - j. Let f be (2/(-4) - -2)*2. What is the highest common divisor of y and f?
3
Let g = 111 + -74. Let d be -5*(-1 + g/5). Let n be d/112 - 88/(-14). What is the highest common divisor of n and 30?
6
Let k = 342 + -318. Suppose -31*u = -k*u - 3185. Calculate the highest common divisor of u and 65.
65
Suppose 29*u + 10 = 24*u, 5*g - 5*u - 30 = 0. Suppose -g*h = -p - 138, 0 = 2*h - 8*p + 7*p - 68. What is the highest common factor of 63 and h?
7
Let s(g) be the first derivative of 37*g**2 + 4*g + 45. Let y be s(1). What is the highest common divisor of y and 182?
26
Suppose 249 = 58*j - 17*j - 735. Suppose 129 = w + 3*p, -3*w = 5*p - 233 - 142. What is the greatest common factor of w and j?
24
Let p(t) = 9*t**2 + 42*t + 29. Let